{"id":45267,"date":"2020-05-14T16:20:56","date_gmt":"2020-05-14T19:20:56","guid":{"rendered":"https:\/\/santanadomaranhao.ma.gov.br\/transparencia\/?page_id=45267"},"modified":"2024-05-14T16:22:04","modified_gmt":"2024-05-14T19:22:04","slug":"saude","status":"publish","type":"page","link":"https:\/\/santanadomaranhao.ma.gov.br\/transparencia\/saude\/","title":{"rendered":"Sa\u00fade"},"content":{"rendered":"<p>Acesse as informa\u00e7\u00f5es sobre os servi\u00e7os de sa\u00fade, indicando os hor\u00e1rios, os profissionais prestadores de servi\u00e7os, as especialidades e locais de Presta\u00e7\u00e3o de Servi\u00e7os<br \/>\n<div id=\"footable_parent_45266\"\n         class=\" footable_parent ninja_table_wrapper loading_ninja_table wp_table_data_press_parent semantic_ui \">\n                <table data-ninja_table_instance=\"ninja_table_instance_0\" data-footable_id=\"45266\" data-filter-delay=\"1000\" aria-label=\"Sa\u00fade\"            id=\"footable_45266\"\n           data-unique_identifier=\"ninja_table_unique_id_3626521523_45266\"\n           class=\" foo-table ninja_footable foo_table_45266 ninja_table_unique_id_3626521523_45266 ui table  nt_type_legacy_table selectable striped vertical_centered  footable-paging-right ninja_table_pro ninja_table_afd_inline ninja_table_has_custom_filter\">\n                <colgroup>\n                            <col class=\"ninja_column_0 \">\n                            <col class=\"ninja_column_1 \">\n                            <col class=\"ninja_column_2 \">\n                            <col class=\"ninja_column_3 \">\n                            <col class=\"ninja_column_4 \">\n                    <\/colgroup>\n        <thead>\n<tr class=\"footable-header\">\n                                                                                        <th scope=\"col\"  class=\"ninja_column_0 ninja_clmn_nm_posttitle \">Descri\u00e7\u00e3o<\/th><th scope=\"col\"  class=\"ninja_column_1 ninja_clmn_nm_postdate \">Publicado em<\/th><th scope=\"col\"  class=\"ninja_column_2 ninja_clmn_nm_saudeano \">Ano<\/th><th scope=\"col\"  class=\"ninja_column_3 ninja_clmn_nm_saudetiposaude \">Tipo<\/th><th scope=\"col\"  class=\"ninja_column_4 ninja_clmn_nm_download \">Download<\/th><\/tr>\n<\/thead>\n<tbody>\n\n        <tr data-row_id=\"0\" class=\"ninja_table_row_0 nt_row_id_0\">\n            <td>RELA\u00c7\u00c3O MUNICIPAL DE MEDICAMENTOS DISPON\u00cdVEIS 2025<\/td><td>31\/03\/2025<\/td><td><\/td><td><\/td><td><a target=\"_blank\"  class=\"nt_btn nt_rounded_btn\" style=\"color: rgba(249, 246, 246, 1);background-color: rgba(18, 150, 136, 1);border-color: rgba(18, 150, 136, 1);\" rel=\"\" href=\"https:\/\/santanadomaranhao.ma.gov.br\/transparencia\/wp-content\/uploads\/2025\/03\/RELACAO-MUNICIPAL-DE-MEDICAMENTOS-ESSENCIAIS-2025.pdf\">Download<\/a><\/td>        <\/tr>\n            <tr data-row_id=\"1\" class=\"ninja_table_row_1 nt_row_id_1\">\n            <td>SERVI\u00c7OS DISPON\u00cdVEIS NA REDE MUNICIPAL DE SA\u00daDE<\/td><td>27\/03\/2025<\/td><td><\/td><td><\/td><td><a target=\"_blank\"  class=\"nt_btn nt_rounded_btn\" style=\"color: rgba(249, 246, 246, 1);background-color: rgba(18, 150, 136, 1);border-color: rgba(18, 150, 136, 1);\" rel=\"\" href=\"https:\/\/santanadomaranhao.ma.gov.br\/transparencia\/wp-content\/uploads\/2025\/03\/SERVICOS-SAUDE-MUNICIPAIS.pdf\">Download<\/a><\/td>        <\/tr>\n            <tr data-row_id=\"2\" class=\"ninja_table_row_2 nt_row_id_2\">\n            <td>ESPECIALIDADES M\u00c9DICAS DISPON\u00cdVEIS NA REDE MUNICIPAL DE SA\u00daDE<\/td><td>27\/03\/2025<\/td><td><\/td><td><\/td><td><a target=\"_blank\"  class=\"nt_btn nt_rounded_btn\" style=\"color: rgba(249, 246, 246, 1);background-color: rgba(18, 150, 136, 1);border-color: rgba(18, 150, 136, 1);\" rel=\"\" href=\"https:\/\/santanadomaranhao.ma.gov.br\/transparencia\/wp-content\/uploads\/2025\/03\/ESPECIALIDADE-MEDICA-OFERECIDAS-PELA-REDE-MUNICIPAL-DE-SAUDE.pdf\">Download<\/a><\/td>        <\/tr>\n            <tr data-row_id=\"3\" class=\"ninja_table_row_3 nt_row_id_3\">\n            <td>RELAT\u00d3RIO ANUAL DE GEST\u00c3O - SA\u00daDE 2023<\/td><td>27\/03\/2025<\/td><td><\/td><td><\/td><td><a target=\"_blank\"  class=\"nt_btn nt_rounded_btn\" style=\"color: rgba(249, 246, 246, 1);background-color: rgba(18, 150, 136, 1);border-color: rgba(18, 150, 136, 1);\" rel=\"\" href=\"https:\/\/santanadomaranhao.ma.gov.br\/transparencia\/wp-content\/uploads\/2025\/03\/RELATORIO-ANUAL-DE-GESTAO-2023.pdf\">Download<\/a><\/td>        <\/tr>\n            <tr data-row_id=\"4\" class=\"ninja_table_row_4 nt_row_id_4\">\n            <td>RELAT\u00d3RIO  DE GEST\u00c3O 2022<\/td><td>27\/03\/2025<\/td><td><\/td><td><\/td><td><a target=\"_blank\"  class=\"nt_btn nt_rounded_btn\" style=\"color: rgba(249, 246, 246, 1);background-color: rgba(18, 150, 136, 1);border-color: rgba(18, 150, 136, 1);\" rel=\"\" href=\"https:\/\/santanadomaranhao.ma.gov.br\/transparencia\/wp-content\/uploads\/2025\/03\/RELATORIO-ANUAL-DE-GESTAO_SANTANA-DO-MA_EXERCICIO-2022_-1.pdf\">Download<\/a><\/td>        <\/tr>\n            <tr data-row_id=\"5\" class=\"ninja_table_row_5 nt_row_id_5\">\n            <td>PLANO ANO DE SA\u00daDE<\/td><td>27\/03\/2025<\/td><td><\/td><td><\/td><td><a target=\"_blank\"  class=\"nt_btn nt_rounded_btn\" style=\"color: rgba(249, 246, 246, 1);background-color: rgba(18, 150, 136, 1);border-color: rgba(18, 150, 136, 1);\" rel=\"\" href=\"https:\/\/santanadomaranhao.ma.gov.br\/transparencia\/wp-content\/uploads\/2025\/03\/PMS-PLANO-MUNICIPAL-DE-SAUDE-DE-SANTANA-DO-MARANHAO_2022_2025-_FINALIZADO.M__.pdf\">Download<\/a><\/td>        <\/tr>\n    <\/tbody><!--ninja_tobody_rendering_done-->\n    <\/table>\n    \n    \n    \n<\/div>\n<\/p>\n","protected":false},"excerpt":{"rendered":"<p>Acesse as informa\u00e7\u00f5es sobre os servi\u00e7os de sa\u00fade, indicando os hor\u00e1rios, os profissionais prestadores de servi\u00e7os, as especialidades e locais de Presta\u00e7\u00e3o de Servi\u00e7os<\/p>\n","protected":false},"author":1,"featured_media":0,"parent":0,"menu_order":0,"comment_status":"closed","ping_status":"closed","template":"","meta":{"_acf_changed":false,"footnotes":""},"categories":[1],"tags":[],"class_list":["post-45267","page","type-page","status-publish","hentry","category-exibir-front"],"acf":{"nome":"Sa\u00fade","link":"https:\/\/santanadomaranhao.ma.gov.br\/transparencia\/saude\/","icone":"fa-solid fa-plus"},"_links":{"self":[{"href":"https:\/\/santanadomaranhao.ma.gov.br\/transparencia\/wp-json\/wp\/v2\/pages\/45267","targetHints":{"allow":["GET"]}}],"collection":[{"href":"https:\/\/santanadomaranhao.ma.gov.br\/transparencia\/wp-json\/wp\/v2\/pages"}],"about":[{"href":"https:\/\/santanadomaranhao.ma.gov.br\/transparencia\/wp-json\/wp\/v2\/types\/page"}],"author":[{"embeddable":true,"href":"https:\/\/santanadomaranhao.ma.gov.br\/transparencia\/wp-json\/wp\/v2\/users\/1"}],"replies":[{"embeddable":true,"href":"https:\/\/santanadomaranhao.ma.gov.br\/transparencia\/wp-json\/wp\/v2\/comments?post=45267"}],"version-history":[{"count":2,"href":"https:\/\/santanadomaranhao.ma.gov.br\/transparencia\/wp-json\/wp\/v2\/pages\/45267\/revisions"}],"predecessor-version":[{"id":45270,"href":"https:\/\/santanadomaranhao.ma.gov.br\/transparencia\/wp-json\/wp\/v2\/pages\/45267\/revisions\/45270"}],"wp:attachment":[{"href":"https:\/\/santanadomaranhao.ma.gov.br\/transparencia\/wp-json\/wp\/v2\/media?parent=45267"}],"wp:term":[{"taxonomy":"category","embeddable":true,"href":"https:\/\/santanadomaranhao.ma.gov.br\/transparencia\/wp-json\/wp\/v2\/categories?post=45267"},{"taxonomy":"post_tag","embeddable":true,"href":"https:\/\/santanadomaranhao.ma.gov.br\/transparencia\/wp-json\/wp\/v2\/tags?post=45267"}],"curies":[{"name":"wp","href":"https:\/\/api.w.org\/{rel}","templated":true}]}}